2. Let q = 31 + -19. Suppose 2*u - 42 = -70. Let c = u + q. Calculate d(c).
10
Let h be ((-64)/(-24))/((-2)/(-3)). Let z(c) = -c - 1. Give z(h).
-5
Suppose -30*n = -5*a - 33*n - 80, 2*n = -a - 23. Let f(k) = k**2 + 14*k - 10. What is f(a)?
-23
Let m = 31 - 17. Let p = m + -10. Let n(o) = 2*o**3 - 7*o**2 - 7*o - 12. Let i(r) = r**3 - 3*r**2 - 3*r - 6. Let c(d) = p*n(d) - 9*i(d). Determine c(0).
6
Suppose -7*k = -2 - 5. Let i be (k + -5 + 2)*15/(-6). Let d(h) be the first derivative of -h**4/4 + 5*h**3/3 - 7*h - 2. Determine d(i).
-7
Let m(o) = o**2 - 4*o + 4. Let n = -28 + 31. Suppose -2*g - 5 - n = 0. Let p be (-40)/(-12) + g/(-6). Give m(p).
4
Let m(w) = -4*w + 7. Let q be m(7). Let j = -15 - q. Let o(i) be the first derivative of -i**4/4 + 5*i**3/3 + 3*i**2 + 4*i - 9. Give o(j).
4
Let b(t) = 77568*t - 155142*t + 77566*t. Let p = 2 + -3. What is b(p)?
8
Let i = 54 + -48. Let c(b) be the third derivative of -b**4/24 - b**3/3 - b**2. Determine c(i).
-8
Suppose 11 = 2*f - 5*c, 0 = f + 12*c - 10*c - 1. Let m(g) = -g**2 + 4*g. Let n be m(3). Let k(a) = 1 - 3*a**2 + 0*a**3 + 2*a - 2*a**3 + n*a**3. Give k(f).
7
Let d(f) = 2*f - 23. Let g(a) = a - 11. Let h(t) = -6*d(t) + 13*g(t). Let k(s) = -s**3 + 5*s**2 - 3*s - 4. Let w be k(4). Calculate h(w).
-5
Suppose 4*r - 9 = 63. Let j be (r/(-27))/(4/(-18)). Let z(t) = -1 + 2*t**j + 5 - 6*t**2 - 3*t**3 + 3*t. Determine z(-6).
-14
Suppose -2*l = -325 - 237. Let z(x) = 2*x**2 + 4*x**2 + 7 + x**3 + 282*x - l*x. Calculate z(-6).
1
Let j(p) = -p**3 - 7*p**2 + 5*p + 1. Let w(c) = c - 1. Let f(t) = j(t) - 4*w(t). Let s(i) = -i**3 - 4*i**2 + 5*i + 13. Let z be s(-4). Give f(z).
-2
Let m(i) = -i + 6. Let b(c) = 4*c - 32. Let n(y) = 3*b(y) + 14*m(y). Let k be (-50)/6 + (-2)/(-6). What is n(k)?
4
Let x(d) be the third derivative of -d**6/120 + d**5/20 + d**4/6 + d**3/3 + 3*d**2. Let k = 537 - 533. What is x(k)?
2
Let w(r) = -7*r**2 - r + 3. Let y(m) = -14*m**2 - 2*m + 7. Let n be 4/(-16) - 58/(-8). Let z(c) = n*w(c) - 3*y(c). Let b be ((-2)/6)/(6/(-18)). What is z(b)?
-8
Let f be 36/(-15)*(0 - (-10)/(-6)). Let z(y) = 2*y**2 - 6*y + 5. Give z(f).
13
Suppose -17 - 3 = -j - 3*m, -4*j = -m - 93. Let x(c) = -3 + c**3 - 29*c - 24*c - j*c + 77*c. Suppose 0 = 4*z - 5*q - 15, 6 = -0*z - 3*z - 2*q. Give x(z).
-3
Let v(a) = -a**3 + 9*a**2 - 15*a + 13. Let t be (-6 + 45/18)*-2. What is v(t)?
6
Suppose 2 + 19 = -3*i. Let p(f) be the third derivative of f**6/120 + 7*f**5/60 - f**4/24 + f**3/6 - 220*f**2. Give p(i).
8
Let o(j) = -j**2 + 3*j + 3. Let y(n) be the third derivative of -n**4/12 + 6*n**3 + 15*n**2. Let f be y(16). Give o(f).
-1
Let h(k) = -k**2 + 9*k + 6. Suppose -3*x = 3*m - 42, 4*m = 9*x - 12*x + 47. What is h(x)?
6
Suppose -5*q - 35 = 3*b, -3*q = 148 - 136. Let a(w) = w**3 + 6*w**2 + 9*w + 13. Calculate a(b).
-7
Let l(u) be the first derivative of 0*u + 1 - 3/2*u**2 + 1/2*u**3 + 1/24*u**4. Let r(g) be the second derivative of l(g). What is r(-3)?
0
Suppose -v = -2*v + q - 10, -q = -3. Let x(i) be the first derivative of i**4/4 + 8*i**3/3 + 7*i**2/2 + 4*i + 4. Give x(v).
4
Let t(x) = -9*x. Let b = 16 + -7. Let v = b + -7. Give t(v).
-18
Let c(s) = -s**3 - 2*s**2 - s. Suppose -o = o + 5*j - 11, -3*o + 5*j - 21 = 0. Determine c(o).
2
Let k(o) be the third derivative of -o**6/120 + o**5/60 + o**4/12 + 2*o**3/3 + 3*o**2. Let s(x) = 2*x**2 + 4*x - x**2 + 1 + 2. Let r be s(-4). Determine k(r).
-8
Let d(j) be the first derivative of -j**4/4 + 2*j**3/3 + j**2/2 - 3*j - 376. What is d(3)?
-9
Let u(w) = -40*w + 244. Let b be u(6). Let g(i) = -i**3 + 2*i**2 + 3*i - 5. Determine g(b).
-25
Suppose 16 = -3*j - 4*g, 15*j - 17*j - 3*g = 12. Let v(c) = c**3 - 2*c**2 - c + 9. Give v(j).
9
Let b(m) = -m + 2. Let n be ((-3)/2)/((-3)/16). Suppose 3*r + n = -7. Give b(r).
7
Let y = 24 + -9. Suppose 0 = 4*i + y - 63. Let f be i*((-3)/6 - 0). Let u(z) = -2*z. What is u(f)?
12
Let c be ((-52)/6)/((-4)/6). Let u(l) = c - 14 + 5*l - 3*l. What is u(-3)?
-7
Let k(c) = -7*c - 8. Let i(u) = -6*u - 7. Let s(w) = 6*i(w) - 5*k(w). Give s(9).
-11
Suppose 2*t - 2 = 8. Let p(u) = -u**3 - 4*u**2 - 9*u + 3. Let w(i) = 6*i**3 + 20*i**2 + 46*i - 16. Let m(a) = 11*p(a) + 2*w(a). Determine m(t).
-9
Let l(i) be the first derivative of -2*i**2 - 25*i + 640. What is l(-11)?
19
Let x = -824 + 840. Let c(a) = 4*a - 39. What is c(x)?
25
Let p(w) = -w**2 - 7*w - 8. Suppose 0 = 2*t + 2*t + 52. Let z = 18 + t. Suppose -2*b + z*i - 3*i - 16 = 0, 4*i - 8 = 0. Calculate p(b).
-2
Let s(q) = -1 - 6 - q - 6. Let n = 256 + -264. Give s(n).
-5
Let f be (3/(-6))/(34/68). Let b be (-2)/(-3) - 8/(-6). Let v(n) = -4*n + n**b - 3*n**2 + 1 + 6*n. Determine v(f).
-3
Let t be (-245)/(-28) + (14/(-8) - -2). Suppose 0*b - b = 3*p - t, -5*b = 2*p + 20. Let y(o) = 4 + 7*o + 4*o**2 - 3*o**2 + 0*o**2. Determine y(b).
-2
Let r = 7 - 16. Let n be 24/r*6/2. Let i be (-2)/n - 23/(-4). Let v(c) = -c**2 + 6*c. Calculate v(i).
0
Let c(m) be the second derivative of 1/2*m**2 - 11*m + 0 - 1/6*m**3. Give c(7).
-6
Suppose -21 - 132 = 17*k. Let o(v) = v + 6. What is o(k)?
-3
Suppose 16 + 14 = 15*q. Let z(t) = 4*t - 2*t**3 - 3*t**2 + 0 - 2*t + 4*t**3 - 2. Determine z(q).
6
Let k(d) be the second derivative of d**5/120 + 7*d**4/24 - d**3/2 + d. Let q(i) be the second derivative of k(i). Give q(-5).
2
Let y(n) = 2*n - 9. Let q be y(6). Let x(g) = -q*g - 5 + 5 - 3. Determine x(-2).
3
Let j(b) = 20*b + 386. Let i(n) = -4*n - 78. Let t(s) = 14*i(s) + 3*j(s). Calculate t(-15).
6
Let g(k) = -k**2 + k - 3. Let o be 13*(-7)/273*-9. Determine g(o).
-9
Suppose 0 = -4*p - p + 330. Let k be (-6)/(-33) - 144/p. Let s(t) = 2*t**2 - 2*t + 1. Let q(d) = d**2. Let a(v) = 6*q(v) - s(v). Give a(k).
11
Suppose -40*r - 265 + 25 = 0. Let j(n) = -n**3 - 6*n**2. What is j(r)?
0
Let o = 26 + -19. Let f(i) = -o*i + 0*i + 10*i - 8. Give f(6).
10
Let z(l) = 6*l - 1. Let w be z(1). Let q(x) = -29*x + 3. Let d(f) = 44*f - 4. Let m(b) = w*d(b) + 7*q(b). Let u be -7 + (-884)/(-170) + 4/5. Calculate m(u).
-16
Let d = -4 - -17. Suppose 2*u + 31 = d. Let f(h) = h**3 + 10*h**2 + 9*h + 7. What is f(u)?
7
Suppose -4*x + 13 = -w, 2*w + 6 = 4*x - 4. Let p(t) = t**3 - 2 + w*t**2 + t + 8*t - 8*t. Let a = -1 + -1. Determine p(a).
0
Let l(i) = 16*i**3 - 4*i**2 - 18*i + 5. Let u(m) = 7*m**3 - m**2 - 8*m + 2. Let r(b) = -4*l(b) + 9*u(b). Determine r(7).
-2
Let l(b) = b**3 - 9*b**2 + 3*b + 6. Let x(g) = 3*g**3 - 25*g**2 + 9*g + 17. Let v(s) = 17*l(s) - 6*x(s). Give v(-3).
9
Let z(s) be the second derivative of s**6/720 + s**5/120 + 5*s**4/3 + 5*s. Let w(x) be the third derivative of z(x). What is w(5)?
6
Let a(s) be the second derivative of s**4/12 - 7*s**3/6 + 3*s**2 + 114*s. Suppose -26 = -2*i + 4*u, 0 = 4*i - i + 2*u - 15. Suppose -k + 2*k = i. Give a(k).
6
Let w(x) = 2*x + 6. Let b be 35/(-2) - (-2)/4. Let d = 39 + b. Suppose -y - y + 4*g - d = 0, 2*y = -g - 7. Calculate w(y).
-4
Suppose -5*h + 1 = -3*b, -2*b = 5*h - 0*b - 16. Suppose 0 = 6*j - 3*j + d - 14, h = -j + d. Let f(u) = -u**3 + 3*u**2 - u + 1. Calculate f(j).
-2
Let g(q) = -13*q + 3. Let v(u) = 37*u - 10. Let l(o) = -17*g(o) - 6*v(o). Give l(10).
-1
Let m(u) be the first derivative of -11 + 2*u**3 - 3/2*u**2 + u. Determine m(2).
19
Suppose -5*v - 2*c = -6*c - 3, 0 = 2*c - 6. Let f(j) = -1 - 63*j - 3*j**2 - j**v + 63*j. Give f(-2).
-5
Let m(r) be the second derivative of -r**4/12 - 251*r. Give m(1).
-1
Let k(c) = -14*c - 1. Let r = 90 - 89. Determine k(r).
-15
Let z be (2 - 6)*12/(-16). Suppose -2*q = u - 8, z*q = -q - 4. Let o = 11 - u. Let n(t) = 8*t**3 - 2*t**2 + t. Give n(o).
7
Let t = -73 + 77. Let b(c) = -t + 0 + 521*c - 522*c. Calculate b(0).
-4
Let k(r) = 7*r + 7. Let h(q) = -6. Let a(l) = l - 1. Let v(j) = -3*a(j) + h(j). Let x(w) = 4*k(w) + 10*v(w). What is x(2)?
-6
Suppose 0 - 15 = -5*q. Let a(p) = -p - q + 1 + 1. Suppose 6*j - 2*h - 4 = 4*j, -3*h = 4*j - 8. Give a(j).
-3
Let j = -7 - 0. Let l(t) be the third derivative of -t**6/120 - 7*t**5/60 + t**3/6 + 24*t**2. Determine l(j).
1
Let j = 8 + -14. Let y(o) be the first derivative of o**5/20 + o**4/2 - o**3/6 + 2*o**2 - 3*o + 10. Let d(l) be the first derivative of y(l). Determine d(j).
10
Let s = 23 + -18. Suppose -2*h + 8 = 2*h, h - 17 = -s*w. Let f be 1/w + (-38)/6. Let k(q) = -2*q - 4. What is k(f)?
8
Let a(c) = -63*c*